80.
1960
Calculate the highest common divisor of 39 and 74561708.
13
Calculate the highest common factor of 1895614 and 5046.
1682
What is the greatest common factor of 23506 and 32137?
7
Calculate the greatest common divisor of 29 and 179966982.
29
Calculate the highest common factor of 1760 and 12771792.
176
What is the highest common factor of 147831180 and 140?
140
What is the highest common divisor of 3504 and 6274?
2
What is the highest common divisor of 547549913 and 295?
59
What is the greatest common factor of 12208241 and 266?
19
Calculate the highest common divisor of 181980 and 28557380.
6740
What is the highest common divisor of 32006256 and 1392?
1392
Calculate the greatest common divisor of 921585640 and 15096.
5032
What is the greatest common divisor of 49976 and 2104?
8
Calculate the highest common divisor of 10 and 153467025.
5
What is the highest common factor of 7874 and 12245?
31
What is the highest common factor of 7766 and 3642716?
22
What is the greatest common factor of 705860 and 16820?
580
What is the highest common divisor of 670983 and 61311?
573
What is the highest common factor of 340472 and 47223?
583
What is the highest common divisor of 12 and 101172108?
12
What is the highest common factor of 93404025 and 495?
495
What is the highest common divisor of 10802 and 1440594?
982
Calculate the highest common factor of 585 and 1105404885.
585
What is the greatest common divisor of 122523563 and 31?
31
Calculate the highest common divisor of 961 and 75038724.
961
What is the highest common factor of 51904 and 15748?
4
What is the highest common factor of 7175 and 3793525?
1025
Calculate the greatest common factor of 45 and 765225.
45
Calculate the highest common factor of 106 and 3984487.
53
What is the highest common factor of 35224 and 451078?
34
Calculate the highest common divisor of 25374840 and 5.
5
What is the highest common factor of 5896 and 22049432?
536
Calculate the highest common divisor of 11035470 and 5.
5
What is the highest common divisor of 15500 and 598100?
100
Calculate the greatest common factor of 72075 and 16337.
961
Calculate the highest common factor of 26155488 and 72.
24
Calculate the greatest common divisor of 13623 and 6462432.
57
Calculate the highest common factor of 20 and 28290760.
20
Calculate the greatest common factor of 3074 and 2849948436.
3074
Calculate the greatest common divisor of 5577 and 99840.
39
What is the greatest common factor of 840 and 1000040?
40
What is the highest common divisor of 33828122 and 59?
59
Calculate the greatest common factor of 42 and 10428306.
42
Calculate the highest common divisor of 1475965 and 178485.
815
What is the highest common factor of 29780 and 25100?
20
What is the highest common divisor of 4814 and 497234?
58
Calculate the greatest common factor of 169724 and 6407836.
604
Calculate the highest common divisor of 3 and 237001.
1
Calculate the greatest common divisor of 57 and 19998811.
19
What is the highest common factor of 119 and 109171?
1
What is the greatest common divisor of 12155749 and 6790?
97
What is the highest common divisor of 1329860 and 371105?
805
Calculate the greatest common divisor of 211086630 and 22005.
7335
Calculate the highest common factor of 5796 and 65116611.
1449
Calculate the highest common factor of 11515881 and 551.
19
Calculate the highest common factor of 1560 and 10353192.
24
What is the greatest common factor of 73173 and 3279?
3
Calculate the highest common factor of 174295886 and 48392.
12098
Calculate the highest common divisor of 467 and 32777796.
467
Calculate the greatest common divisor of 361 and 385313711.
361
What is the highest common factor of 4692 and 943821606?
2346
What is the highest common divisor of 340 and 21537470?
170
What is the greatest common divisor of 52991 and 33915?
19
Calculate the highest common divisor of 54 and 27362538.
18
What is the highest common divisor of 285 and 17410935?
285
What is the greatest common divisor of 225139 and 2235?
149
What is the greatest common factor of 53409944 and 9387?
1043
What is the greatest common factor of 12727 and 3629509?
1157
Calculate the highest common factor of 13833 and 335385.
261
What is the highest common divisor of 12944943 and 6534?
1089
Calculate the highest common factor of 5448 and 3140772.
2724
What is the highest common divisor of 3607696732 and 86?
86
What is the highest common divisor of 20433864 and 192?
24
Calculate the greatest common factor of 8974820 and 2560.
20
Calculate the greatest common divisor of 1077934 and 21736.
286
Calculate the highest common divisor of 3420 and 1364130.
90
Calculate the highest common divisor of 1077964 and 9292.
92
Calculate the greatest common factor of 26424 and 181080.
72
What is the highest common factor of 11385790 and 1430?
130
What is the greatest common factor of 236425 and 5308465?
965
Calculate the highest common factor of 729675 and 21321.
207
Calculate the highest common factor of 338 and 3105791.
13
What is the highest common factor of 418350 and 3225?
75
Calculate the greatest common factor of 5616 and 204919.
13
Calculate the greatest common factor of 15340 and 14563796.
3068
Calculate the greatest common factor of 138470 and 19276.
122
Calculate the highest common factor of 143962 and 61542.
26
What is the greatest common factor of 464910 and 162?
6
What is the greatest common divisor of 5776326 and 11070?
2214
What is the greatest common divisor of 50798299 and 2257?
2257
What is the highest common divisor of 354402 and 121338?
54
Calculate the highest common factor of 368013300 and 200.
100
What is the highest common factor of 7004278 and 2570?
514
What is the highest common factor of 11408 and 2945744?
496
What is the highest common factor of 70 and 231278257?
7
What is the greatest common divisor of 219118 and 4852814?
178
What is the highest common divisor of 12103568 and 192?
16
What is the highest common divisor of 17 and 312924287?
17
Calculate the greatest common factor of 81287846 and 34.
34
Calculate the highest common factor of 7508424 and 12852.
1428
What is the greatest common factor of 35 and 4789099?
7
Calculate the greatest common factor of 1198338 and 29050431.
6177
Calculate the greatest common factor of 822748 and 7361277.
2897
What is the greatest common factor of 417816 and 126?
126
Calculate the greatest common factor of 1749306 and 48.
6
What is the highest common divisor of 465026 and 48?
2
Calculate the greatest common divisor of 14 and 15757263.
1
What is the highest common factor of 32 and 606562976?
32
What is the greatest common divisor of 165122058 and 3504?
438
Calculate the greatest common divisor of 1063 and 253326719.
1063
What is the highest common factor of 4080 and 4514040?
120
Calculate the highest common divisor of 135261 and 10431.
171
What is the greatest common factor of 71007500 and 40000?
2500
Calculate the highest common divisor of 446523275 and 6897.
2299
Calculate the greatest common divisor of 1905012 and 348.
12
What is the greatest common divisor of 28666 and 21626?
22
Calculate the highest common factor of 1183941 and 1078.
11
Calculate the highest common factor of 902167604 and 2932.
2932
What is the greatest common factor of 264 and 247384?
8
Calculate the highest common factor of 26067222 and 646.
34
Calculate the highest common divisor of 198 and 16873461.
99
Calculate the highest common divisor of 40964 and 8781192.
3724
Calculate the highest common factor of 445 and 2796065.
5
Calculate the greatest common divisor of 378043080 and 20.
20
What is the highest common factor of 782 and 772409?
23
Calculate the greatest common factor of 4748 and 996.
4
Calculate the highest common divisor of 614912 and 10809.
1201
What is the highest common divisor of 91 and 59218369?
7
What is the highest common factor of 5607856 and 608628?
3028
Calculate the highest common factor of 31 and 271374.
31
Calculate the highest common factor of 175 and 18406625.
25
Calculate the highest common factor of 20622224 and 1904.
1904
What is the greatest common factor of 7564558 and 93?
31
Calculate the greatest common factor of 689273526 and 2318.
2318
Calculate the greatest common factor of 323510 and 3850.
110
What is the highest common 